263
In base 4, what is -32200111211 - 100?
-32200111311
In base 14, what is 12c227a - -35?
12c22b1
In base 2, what is 10010 + -10010010111001110100?
-10010010111001100010
In base 9, what is 3 - -78887?
80001
In base 6, what is -1453 - 11351321?
-11353214
In base 16, what is -e + -211322?
-211330
In base 10, what is 436880973 + 2?
436880975
In base 8, what is -415405 + -3437?
-421044
In base 2, what is 1101111110111110100111101 + 11?
1101111110111110101000000
In base 3, what is 10102021020 - -2221222?
10112020012
In base 13, what is -3 + -17a4386?
-17a4389
In base 16, what is -25ddc6fb + -4?
-25ddc6ff
In base 5, what is 20244 + 3421220?
3442014
In base 3, what is 2202200212 - -1011022?
2210212011
In base 13, what is -17 - -128ba6?
128b8c
In base 2, what is 10101000110011110110111110 - -11?
10101000110011110111000001
In base 4, what is -203 + -103323010132?
-103323011001
In base 5, what is 23200 + -4134214?
-4111014
In base 8, what is -26101 + 3346?
-22533
In base 11, what is 2 + 530a33?
530a35
In base 11, what is -464784 - 1?
-464785
In base 12, what is -4224 + 326?
-3aba
In base 2, what is -101110101 - 101101000000001111?
-101101000110000100
In base 3, what is -1022221 + -11120100?
-12220021
In base 5, what is 24143 + 300241?
324434
In base 15, what is 55c7 - -311?
58d8
In base 7, what is -1 + -325222050?
-325222051
In base 10, what is -2 + 38286121?
38286119
In base 13, what is 5005 + b5?
50ba
In base 4, what is 1013311 - 13203103?
-12123132
In base 3, what is 1221212211 + -1201202?
1220011002
In base 12, what is 2 - -1689376?
1689378
In base 12, what is 614 - -2b8827?
2b923b
In base 7, what is 35 - -144112625?
144112663
In base 11, what is 1367928 + -8?
1367920
In base 15, what is 350 + eda29?
edd79
In base 8, what is -1073 + 55370?
54275
In base 14, what is 123 + 7519c?
752c1
In base 3, what is -2110012 + -1211122212?
-1221010001
In base 15, what is d + b6b066?
b6b074
In base 8, what is -122 + 1720150?
1720026
In base 15, what is -12db1e0 - -2?
-12db1dd
In base 11, what is -4 - 3a947698?
-3a9476a1
In base 6, what is -21122233 - -5?
-21122224
In base 3, what is 1102 + -10121021121122?
-10121021120020
In base 15, what is 317 - -7bb?
ad3
In base 8, what is -707044055 + -16?
-707044073
In base 10, what is -157022 - 34?
-157056
In base 9, what is -2106551 + -36?
-2106587
In base 2, what is 100101100100000 - -100011100110?
101010000000110
In base 16, what is 2 - 17e80ed?
-17e80eb
In base 10, what is 5 - -121262371?
121262376
In base 15, what is 41293 + bd?
41361
In base 15, what is -3 - -845c3a6?
845c3a3
In base 2, what is 11111110111100 - -10100111100010?
110100110011110
In base 7, what is -3 + 10235256?
10235253
In base 3, what is 2010122020022 + 1100?
2010122021122
In base 12, what is 2194072 + -4?
219406a
In base 13, what is -68a7 + -49b0?
-b587
In base 6, what is -4 + 1105144124?
1105144120
In base 15, what is -ad8 + -be93?
-ca7b
In base 5, what is 133123413 - -203?
133124121
In base 15, what is 4aa56de + -2?
4aa56dc
In base 5, what is -2 - 3413243200?
-3413243202
In base 2, what is -101111111101100100001 + 1000?
-101111111101100011001
In base 11, what is -12 - -4381196?
4381184
In base 9, what is 356348 + 110?
356458
In base 12, what is 1572 + 2799?
414b
In base 6, what is -22345 - -13505?
-4440
In base 2, what is -101001000100 + -1100001110000011?
-1100110111000111
In base 16, what is 9958 - -1e?
9976
In base 15, what is -1c - 29aca?
-29ae7
In base 8, what is 2740 + -37771?
-35031
In base 3, what is 2101220220 + -10111?
2101210102
In base 13, what is -5 + -513cc54?
-513cc59
In base 15, what is 749 - 16d19?
-165c0
In base 9, what is 16032860 + -12?
16032847
In base 10, what is 651 - -30595?
31246
In base 14, what is 13776c5 - -4?
13776c9
In base 6, what is 332244233 + 21?
332244254
In base 14, what is -12d + c27a8?
c2679
In base 2, what is 110000001111111101001100 + -11?
110000001111111101001001
In base 10, what is 4 + 44136116?
44136120
In base 16, what is baddd - -1?
badde
In base 2, what is -1001011101111000 - 10111110?
-1001100000110110
In base 9, what is -3250775 - 5?
-3250781
In base 8, what is -113660143 - -5?
-113660136
In base 9, what is -846 + 187063?
186116
In base 4, what is -3 + -21030121231123?
-21030121231132
In base 9, what is -8 + -1525771?
-1525780
In base 16, what is 404a - -129?
4173
In base 14, what is 80 - 237444?
-2373a4
In base 12, what is 246870 + -480?
2463b0
In base 13, what is -326 + -5051?
-5377
In base 12, what is 656 + b74?
160a
In base 9, what is -18868 - 2070?
-22048
In base 14, what is -708 + 2c52?
2548
In base 11, what is 53140 + -59?
53092
In base 16, what is 25684 + 160?
257e4
In base 12, what is -665b0 - 295?
-66885
In base 9, what is 1 - 5521280?
-5521278
In base 16, what is 4 - 179cf9a?
-179cf96
In base 14, what is 15 - -386a54?
386a69
In base 4, what is -323102310213 + 3?
-323102310210
In base 9, what is 1702665 - -3?
1702668
In base 14, what is a22d8 - 81?
a2257
In base 12, what is ab25 + -1618?
9509
In base 12, what is -1 - 106b856?
-106b857
In base 10, what is 5 + 4966142?
4966147
In base 13, what is -144a99c - 3?
-144a9a2
In base 4, what is -1233312 + 220130230?
212230312
In base 14, what is -4 + -331c?
-3322
In base 12, what is -22214b4 - 0?
-22214b4
In base 15, what is -50abacb - -4?
-50abac7
In base 5, what is -2 + -233133214?
-233133221
In base 10, what is 733 - 731674?
-730941
In base 3, what is 102112100101210 - -200?
102112100102110
In base 10, what is 5117 - 9868?
-4751
In base 12, what is -6 - 14371148?
-14371152
In base 8, what is -11773377 - 1?
-11773400
In base 11, what is -428665 - 73?
-428728
In base 8, what is -4514714 - 23?
-4514737
In base 14, what is -1b95dc + -a2?
-1b96a0
In base 12, what is -488a9 + 3a?
-4886b
In base 2, what is -10100 - -100110101011011101111?
100110101011011011011
In base 6, what is -150 - -225541?
225351
In base 4, what is -1133002320202 - 0?
-1133002320202
In base 13, what is -908a5 - -8?
-9089a
In base 14, what is -7416 + -14?
-742a
In base 10, what is -194063 - 93?
-194156
In base 11, what is 0 - -1107286?
1107286
In base 4, what is -232001 + -100203?
-332210
In base 8, what is 34405361 - 6?
34405353
In base 5, what is 4110 - -14310020?
14314130
In base 16, what is 68ddbe - -5?
68ddc3
In base 7, what is -5 + -3124130?
-3124135
In base 2, what is -1001010010 + 11101001001010010?
11101000000000000
In base 16, what is 7 + 80ebd3e?
80ebd45
In base 5, what is -334011023 - -1242?
-334004231
In base 9, what is -678 - 5251?
-6040
In base 14, what is -5 + 124c821?
124c81a
In base 13, what is -25ac - -45?
-2567
In base 13, what is 110817 + 14c?
110966
In base 2, what is -1011101111111110101111110101 + -10?
-1011101111111110101111110111
In base 5, what is 3203012 + 0?
3203012
In base 11, what is 427a + 551?
4820
In base 7, what is -5006546 + 1563?
-5004653
In base 13, what is 10 + 8432a8?
8432b8
In base 7, what is 1654111 - -41?
1654152
In base 15, what is -7 + -278495?
-27849c
In base 10, what is -18702 + -10332?
-29034
In base 14, what is 4 - 117c15a9?
-117c15a5
In base 15, what is 44d0 + -4ad?
4022
In base 9, what is 2 - 147834606?
-147834604
In base 5, what is 131101133032 - -3?
131101133040
In base 5, what is 21 + -2233300130?
-2233300104
In base 15, what is -1e951a + -1c?
-1e9537
In base 12, what is -264975 + 11?
-264964
In base 2, what is -11 - -100110101100101010110001101?
100110101100101010110001010
In base 3, what is -2021 + -202021102220?
-202021112011
In base 2, what is -1111011 - 10100000111011100001?
-10100000111101011100
In base 16, what is -13ab03 + -3?
-13ab06
In base 8, what is 106425 - -234?
106661
In base 9, what is 8446 - -80451?
100007
In base 6, what is 4 + -22501302113?
-22501302105
In base 11, what is -803 - 1941?
-2644
In base 7, what is -240352642 - -25?
-240352614
In base 14, what is 11 + -188d71?
-188d60
In base 4, what is -11 + -331111021212?
-331111021223
In base 10, what is -8243633 + -1?
-8243634
In base 5, what is -1010 - 32340014?
-32341024
In base 16, what is -207 - 30f7?
-32fe
In base 5, what is 3242400 + 4030?
3301430
In base 4, what is 202333113 + -30022?
202303031
In base 3, what is 100 + 11222221102221?
11222221110021
In base 10, what is -64746186 - 2?
-64746188
In base 9, what is 60487183 + 4?
60487187
In base 3, what 